he remainder when 93575 is divided by 14.
13
What is the remainder when 587572 is divided by 463?
25
What is the remainder when 16193 is divided by 1616?
33
Calculate the remainder when 3448 is divided by 193.
167
Calculate the remainder when 19405 is divided by 13.
9
Calculate the remainder when 1122 is divided by 24.
18
What is the remainder when 690140 is divided by 96?
92
Calculate the remainder when 162555 is divided by 66.
63
Calculate the remainder when 2122 is divided by 481.
198
What is the remainder when 7656 is divided by 114?
18
Calculate the remainder when 12969 is divided by 63.
54
Calculate the remainder when 2808 is divided by 110.
58
What is the remainder when 57500 is divided by 355?
345
What is the remainder when 3447449 is divided by 705?
704
Calculate the remainder when 2476 is divided by 1031.
414
What is the remainder when 4257 is divided by 387?
0
Calculate the remainder when 1296675 is divided by 733.
731
Calculate the remainder when 5177 is divided by 202.
127
What is the remainder when 3881 is divided by 6?
5
Calculate the remainder when 38427 is divided by 97.
15
What is the remainder when 118713 is divided by 212?
205
Calculate the remainder when 4345 is divided by 104.
81
Calculate the remainder when 63823 is divided by 445.
188
Calculate the remainder when 632558 is divided by 14.
10
Calculate the remainder when 51636 is divided by 113.
108
What is the remainder when 2300 is divided by 2293?
7
Calculate the remainder when 186107 is divided by 322.
313
Calculate the remainder when 106443 is divided by 52.
51
What is the remainder when 15979 is divided by 289?
84
What is the remainder when 1807541 is divided by 6?
5
What is the remainder when 8071 is divided by 508?
451
What is the remainder when 9730 is divided by 31?
27
Calculate the remainder when 29194 is divided by 29138.
56
What is the remainder when 6383 is divided by 245?
13
What is the remainder when 602 is divided by 287?
28
What is the remainder when 552 is divided by 275?
2
Calculate the remainder when 484216 is divided by 620.
616
What is the remainder when 7526 is divided by 122?
84
Calculate the remainder when 2214 is divided by 284.
226
Calculate the remainder when 7056 is divided by 230.
156
What is the remainder when 1736 is divided by 97?
87
What is the remainder when 76973 is divided by 20?
13
What is the remainder when 7143 is divided by 3520?
103
What is the remainder when 695 is divided by 231?
2
Calculate the remainder when 51528 is divided by 61.
44
What is the remainder when 97273 is divided by 15?
13
What is the remainder when 24665 is divided by 771?
764
Calculate the remainder when 1085 is divided by 275.
260
What is the remainder when 602547 is divided by 45?
42
Calculate the remainder when 1156 is divided by 51.
34
Calculate the remainder when 200429 is divided by 17.
16
What is the remainder when 66413 is divided by 356?
197
What is the remainder when 17749 is divided by 317?
314
What is the remainder when 32610 is divided by 94?
86
What is the remainder when 2107166 is divided by 32?
30
Calculate the remainder when 20135 is divided by 8.
7
Calculate the remainder when 94 is divided by 32.
30
What is the remainder when 457 is divided by 375?
82
Calculate the remainder when 204969 is divided by 58.
55
Calculate the remainder when 62712 is divided by 22.
12
Calculate the remainder when 68353 is divided by 15.
13
Calculate the remainder when 126048 is divided by 4.
0
Calculate the remainder when 2180048 is divided by 369.
365
What is the remainder when 43217 is divided by 10802?
9
Calculate the remainder when 123674 is divided by 15458.
10
Calculate the remainder when 450657 is divided by 140.
137
What is the remainder when 8553 is divided by 4?
1
What is the remainder when 18584 is divided by 83?
75
Calculate the remainder when 92398 is divided by 150.
148
What is the remainder when 5139 is divided by 852?
27
What is the remainder when 102023 is divided by 326?
311
Calculate the remainder when 8312 is divided by 486.
50
What is the remainder when 117315 is divided by 58632?
51
Calculate the remainder when 1378 is divided by 19.
10
What is the remainder when 1359 is divided by 88?
39
Calculate the remainder when 552 is divided by 99.
57
Calculate the remainder when 680 is divided by 7.
1
Calculate the remainder when 77898 is divided by 41.
39
Calculate the remainder when 520 is divided by 60.
40
What is the remainder when 143 is divided by 94?
49
What is the remainder when 3899 is divided by 872?
411
Calculate the remainder when 455 is divided by 152.
151
Calculate the remainder when 876 is divided by 85.
26
Calculate the remainder when 15861 is divided by 3962.
13
What is the remainder when 22629 is divided by 77?
68
Calculate the remainder when 2617 is divided by 134.
71
What is the remainder when 3318 is divided by 302?
298
What is the remainder when 28125 is divided by 2555?
20
What is the remainder when 499769 is divided by 31?
18
Calculate the remainder when 370509 is divided by 10.
9
What is the remainder when 3864 is divided by 17?
5
What is the remainder when 38718 is divided by 66?
42
Calculate the remainder when 8644 is divided by 4.
0
Calculate the remainder when 10084 is divided by 3358.
10
Calculate the remainder when 35993 is divided by 6936.
1313
What is the remainder when 180478 is divided by 188?
186
What is the remainder when 39051 is divided by 5570?
61
What is the remainder when 64259 is divided by 23?
20
Calculate the remainder when 32564 is divided by 6235.
1389
What is the remainder when 20257 is divided by 6751?
4
What is the remainder when 3996 is divided by 287?
265
What is the remainder when 3267 is divided by 650?
17
What is the remainder when 64415 is divided by 11?
10
Calculate the remainder when 36455 is divided by 185.
10
What is the remainder when 38461 is divided by 157?
153
Calculate the remainder when 8054 is divided by 8015.
39
What is the remainder when 10173 is divided by 4330?
1513
Calculate the remainder when 769 is divided by 44.
21
What is the remainder when 31502 is divided by 31317?
185
What is the remainder when 1958 is divided by 942?
74
Calculate the remainder when 101647 is divided by 190.
187
What is the remainder when 3440 is divided by 153?
74
What is the remainder when 4100 is divided by 421?
311
What is the remainder when 3493 is divided by 321?
283
Calculate the remainder when 26686 is divided by 507.
322
Calculate the remainder when 64128 is divided by 64124.
4
Calculate the remainder when 3480 is divided by 568.
72
What is the remainder when 107461 is divided by 184?
5
What is the remainder when 1071660 is divided by 46?
44
What is the remainder when 8003 is divided by 1593?
38
Calculate the remainder when 22500 is divided by 255.
60
What is the remainder when 2692 is divided by 239?
63
Calculate the remainder when 1202 is divided by 218.
112
Calculate the remainder when 7029 is divided by 227.
219
What is the remainder when 667 is divided by 119?
72
Calculate the remainder when 511628 is divided by 25581.
8
What is the remainder when 48057 is divided by 12011?
13
What is the remainder when 13274 is divided by 379?
9
What is the remainder when 161029 is divided by 53646?
91
What is the remainder when 21411 is divided by 10704?
3
Calculate the remainder when 595006 is divided by 36.
34
What is the remainder when 14828 is divided by 311?
211
Calculate the remainder when 359918 is divided by 15.
8
What is the remainder when 53716 is divided by 158?
154
Calculate the remainder when 1753100 is divided by 406.
398
What is the remainder when 802 is divided by 192?
34
What is the remainder when 6244946 is divided by 87?
86
What is the remainder when 30057 is divided by 326?
65
What is the remainder when 62505 is divided by 285?
90
Calculate the remainder when 48156 is divided by 12039.
0
What is the remainder when 79340 is divided by 18?
14
What is the remainder when 21369 is divided by 21331?
38
Calculate the remainder when 4676273 is divided by 6.
5
What is the remainder when 58914 is divided by 11771?
59
What is the remainder when 301922 is divided by 680?
2
Calculate the remainder when 112524 is divided by 859.
854
What is the remainder when 1553038 is divided by 20?
18
Calculat